{"id":390,"date":"2026-02-28T13:10:46","date_gmt":"2026-02-28T13:10:46","guid":{"rendered":"https:\/\/www.tapiokyllonen.fi\/?page_id=390"},"modified":"2026-03-14T01:17:06","modified_gmt":"2026-03-13T23:17:06","slug":"ofta-fragad","status":"publish","type":"page","link":"https:\/\/www.tapiokyllonen.fi\/index.php\/tapio-kyllonen-pa-svenska\/jag-och-hojen-samt-motorcykelresor\/ofta-fragad\/","title":{"rendered":"Ofta fr\u00e5gad"},"content":{"rendered":"\n<div class=\"wp-block-cover alignfull is-light has-contrast-color has-text-color has-link-color wp-elements-e826f601c412bb743a5d350e4b6e6c2f\" style=\"margin-top:0;margin-bottom:0;padding-top:var(--wp--preset--spacing--60);padding-right:var(--wp--preset--spacing--50);padding-bottom:var(--wp--preset--spacing--60);padding-left:var(--wp--preset--spacing--50)\"><span aria-hidden=\"true\" class=\"wp-block-cover__background has-base-background-color has-background-dim-100 has-background-dim\"><\/span><div class=\"wp-block-cover__inner-container has-global-padding is-layout-constrained wp-container-core-cover-is-layout-873ee6b1 wp-block-cover-is-layout-constrained\">\n<div class=\"wp-block-columns alignwide is-layout-flex wp-container-core-columns-is-layout-7ee84d44 wp-block-columns-is-layout-flex\">\n<div class=\"wp-block-column is-layout-flow wp-block-column-is-layout-flow\" style=\"flex-basis:65%\">\n<div class=\"wp-block-group is-vertical is-content-justification-stretch is-layout-flex wp-container-core-group-is-layout-353c4f5a wp-block-group-is-layout-flex\">\n<h2 class=\"wp-block-heading has-text-align-left\" style=\"font-size:clamp(2.2rem, 2.2rem + ((1vw - 0.2rem) * 2.824), 4rem);font-style:normal;font-weight:300;letter-spacing:-0.03em;line-height:1.4\"><strong>VANLIGA FR\u00c5GOR F\u00d6R F\u00d6RARE (FAQ)<\/strong><\/h2>\n\n\n\n<div class=\"wp-block-group has-border-color has-accent-5-border-color has-accent-5-background-color has-background has-global-padding is-layout-constrained wp-block-group-is-layout-constrained\" style=\"border-width:12px;box-shadow:var(--wp--preset--shadow--deep)\">\n<p class=\"is-style-text-subtitle has-large-font-size is-style-text-subtitle--1\"><strong><strong><strong><strong><strong>F\u00f6r vem \u00e4r dessa resor?<\/strong><\/strong><\/strong><\/strong><\/strong><\/p>\n\n\n\n<p class=\"has-medium-font-size\">Resorna \u00e4r avsedda f\u00f6r f\u00f6rare som v\u00e4rdes\u00e4tter f\u00f6rberedelse, rytm och delat ansvar.<br><br>Du beh\u00f6ver inte vara expert, men du ska vara bekv\u00e4m med l\u00e5nga k\u00f6rdagar och kunna anpassa dig till varierande f\u00f6rh\u00e5llanden. Om du s\u00f6ker gr\u00e4nstestning, h\u00f6gt tempo eller \u201dvi ser hur l\u00e5ngt vi kommer\u201d, \u00e4r detta troligen inte r\u00e4tt uppl\u00e4gg.<\/p>\n<\/div>\n\n\n\n<hr class=\"wp-block-separator has-alpha-channel-opacity\"\/>\n\n\n\n<div class=\"wp-block-group has-border-color has-accent-5-border-color has-accent-5-background-color has-background has-global-padding is-layout-constrained wp-block-group-is-layout-constrained\" style=\"border-width:12px;box-shadow:var(--wp--preset--shadow--deep)\">\n<p class=\"has-large-font-size\"><strong><strong><strong>Hur stora \u00e4r grupperna?<\/strong><\/strong><\/strong><\/p>\n\n\n\n<p class=\"has-medium-font-size\">Jag arbetar med&nbsp;<strong>sm\u00e5 grupper<\/strong>. <\/p>\n\n\n\n<p class=\"has-medium-font-size\">I praktiken inneb\u00e4r detta vanligtvis upp till\u00a0<strong>cirka ett dussin f\u00f6rare<\/strong>, inklusive mig sj\u00e4lv.<br>F\u00f6r st\u00f6rre grupper eller l\u00e4ngre och mer kr\u00e4vande resor kr\u00e4vs en\u00a0<strong>medguide<\/strong>\u00a0f\u00f6r att garantera s\u00e4kerheten, kvalitet och gemensam l\u00e4gesbild.<\/p>\n<\/div>\n\n\n\n<hr class=\"wp-block-separator has-alpha-channel-opacity\"\/>\n\n\n\n<div class=\"wp-block-group has-border-color has-accent-5-border-color has-accent-5-background-color has-background has-global-padding is-layout-constrained wp-block-group-is-layout-constrained\" style=\"border-width:12px;box-shadow:var(--wp--preset--shadow--deep)\">\n<p><strong><strong><strong>Hur l\u00e5nga \u00e4r k\u00f6rdagarna?<\/strong><\/strong><\/strong><\/p>\n\n\n\n<p class=\"has-medium-font-size\">K\u00f6rdagarna planeras s\u00e5 att deltagarna anl\u00e4nder&nbsp;<strong>vakna och k\u00f6rklara<\/strong>, inte utmattade. Dagliga k\u00f6rstr\u00e4ckor och k\u00f6rtider varierar beroende p\u00e5 terr\u00e4ng, v\u00e4der, underlag och grupp.<\/p>\n\n\n\n<p class=\"has-medium-font-size\">M\u00e5let \u00e4r inte att maximera antalet kilometer, utan att beh\u00e5lla koncentrationen hela dagen \u2013 \u00e4ven de sista kilometrarna fram till destinationen.<\/p>\n<\/div>\n\n\n\n<hr class=\"wp-block-separator has-alpha-channel-opacity\"\/>\n\n\n\n<div class=\"wp-block-group has-border-color has-accent-5-border-color has-accent-5-background-color has-background has-global-padding is-layout-constrained wp-block-group-is-layout-constrained\" style=\"border-width:12px;box-shadow:var(--wp--preset--shadow--deep)\">\n<p><strong><strong><strong>Hur l\u00e5nga \u00e4r resorna totalt?<\/strong><\/strong><\/strong><\/p>\n\n\n\n<p class=\"has-medium-font-size\">Resorna kan vara allt fr\u00e5n&nbsp;<strong>l\u00e5nga helger<\/strong>&nbsp;till&nbsp;<strong>flera veckor<\/strong>. De l\u00e4ngsta resorna hittills har varit upp till&nbsp;<strong>tre veckor<\/strong>.<\/p>\n<\/div>\n\n\n\n<hr class=\"wp-block-separator has-alpha-channel-opacity\"\/>\n\n\n\n<div class=\"wp-block-group has-border-color has-accent-5-border-color has-accent-5-background-color has-background has-global-padding is-layout-constrained wp-block-group-is-layout-constrained\" style=\"border-width:12px;box-shadow:var(--wp--preset--shadow--deep)\">\n<p><strong><strong><strong>Vilken typ av v\u00e4gar k\u00f6rning kan jag f\u00f6rv\u00e4nta mig?<\/strong><\/strong><\/strong><\/p>\n\n\n\n<p class=\"has-medium-font-size\">Rutterna planeras f\u00f6r variation och flyt.<\/p>\n\n\n\n<p class=\"has-medium-font-size\">Beroende p\u00e5 dag kan k\u00f6rningen inkludera:<\/p>\n\n\n\n<ul class=\"wp-block-list has-medium-font-size\">\n<li class=\"has-medium-font-size\">slingrande bergsv\u00e4gar<\/li>\n\n\n\n<li class=\"has-medium-font-size\">lugnare sidov\u00e4gar<\/li>\n\n\n\n<li class=\"has-medium-font-size\"><strong>huvudv\u00e4gar n\u00e4r l\u00e4ngre str\u00e4ckor beh\u00f6ver avverkas effektivt<\/strong><\/li>\n\n\n\n<li class=\"has-medium-font-size\">varierande underlag: asfalt och grus<\/li>\n\n\n\n<li class=\"has-medium-font-size\">l\u00e4ngre f\u00f6rflyttningar, gr\u00e4nser, f\u00e4rjor och logistik<\/li>\n<\/ul>\n\n\n\n<p class=\"has-medium-font-size\">Balansen mellan dessa moment varierar dag f\u00f6r dag och v\u00e4ljs alltid f\u00f6r att st\u00f6dja s\u00e4kerhet, rytm och helheten av resan.<\/p>\n<\/div>\n\n\n\n<hr class=\"wp-block-separator has-alpha-channel-opacity\"\/>\n\n\n\n<div class=\"wp-block-group has-border-color has-accent-5-border-color has-accent-5-background-color has-background has-global-padding is-layout-constrained wp-block-group-is-layout-constrained\" style=\"border-width:12px;box-shadow:var(--wp--preset--shadow--deep)\">\n<p><strong><strong><strong>Beh\u00f6ver jag en viss typ av motorcykel?<\/strong><\/strong><\/strong><\/p>\n\n\n\n<p class=\"has-medium-font-size\">Din motorcykel ska vara:<\/p>\n\n\n\n<ul class=\"wp-block-list has-medium-font-size\">\n<li><strong>tekniskt i gott skick och v\u00e4l underh\u00e5llen<\/strong><\/li>\n\n\n\n<li><strong>servad f\u00f6re resan<\/strong><\/li>\n\n\n\n<li><strong>utrustad med d\u00e4ck i gott skick, anpassade f\u00f6r den planerade rutten<\/strong><\/li>\n\n\n\n<li>bekv\u00e4m f\u00f6r l\u00e5nga k\u00f6rdagar<\/li>\n<\/ul>\n\n\n\n<p class=\"has-medium-font-size\">Om en resa till stor del fokuserar p\u00e5 grus eller blandad terr\u00e4ng, diskuteras detta i f\u00f6rv\u00e4g s\u00e5 att motorcykel, d\u00e4ck och utrustning \u00e4r l\u00e4mpliga. <\/p>\n\n\n\n<p class=\"has-medium-font-size\">Jag anpassar \u00e4ven mitt eget motorcykelval f\u00f6r att st\u00f6dja s\u00e4kerhet och gruppflyt.<\/p>\n<\/div>\n\n\n\n<hr class=\"wp-block-separator has-alpha-channel-opacity\"\/>\n\n\n\n<div class=\"wp-block-group has-border-color has-accent-5-border-color has-accent-5-background-color has-background has-global-padding is-layout-constrained wp-block-group-is-layout-constrained\" style=\"border-width:12px;box-shadow:var(--wp--preset--shadow--deep)\">\n<p><strong><strong><strong>\u00c4r detta en fast resa med f\u00e4rdig rutt?<\/strong><\/strong><\/strong><\/p>\n\n\n\n<p class=\"has-medium-font-size\">Nej.<\/p>\n\n\n\n<p class=\"has-medium-font-size\">Jag erbjuder inga f\u00e4rdiga katalogresor.<br>Varje resa planeras specifikt f\u00f6r gruppen utifr\u00e5n \u00f6nskem\u00e5l, erfarenhet och f\u00f6rv\u00e4ntningar.<\/p>\n\n\n\n<p class=\"has-medium-font-size\">Med erfarenhet som jag har, finns det ocks\u00e5 ruttf\u00f6rslag, som jag kan ge. Vin kan anv\u00e4da dom som de \u00e4r eller anpassa den. S\u00e5na \u00e4r till exempel US Route 66 fr\u00e5n Chicago till Santa Monica. Eller hur vi k\u00f6r hojar till Syd-Spanien eller Gibraltar. eller kanske mina Alp favoriter med Col de la Bonetten och Col del Lombarde?<\/p>\n\n\n\n<p class=\"has-medium-font-size\">N\u00e4r jag guidar f\u00f6r st\u00f6rre organisationer f\u00f6ljer jag deras f\u00f6rdefinierade rutter och bokningar.<\/p>\n<\/div>\n\n\n\n<hr class=\"wp-block-separator has-alpha-channel-opacity\"\/>\n\n\n\n<div class=\"wp-block-group has-border-color has-accent-5-border-color has-accent-5-background-color has-background has-global-padding is-layout-constrained wp-block-group-is-layout-constrained\" style=\"border-width:12px;box-shadow:var(--wp--preset--shadow--deep)\">\n<p><strong><strong><strong>K\u00f6r jag ensam eller tillsammans med gruppen?<\/strong><\/strong><\/strong><\/p>\n\n\n\n<p class=\"has-medium-font-size\">Jag k\u00f6r&nbsp;<strong>tillsammans med gruppen<\/strong>&nbsp;och tar ansvar f\u00f6r hela resan \u2013 fr\u00e5n f\u00f6rsta genomg\u00e5ng till sista stopp. <\/p>\n\n\n\n<p class=\"has-medium-font-size\">Vid l\u00e4ngre eller mer komplexa resor kan guidningen ske tillsammans med en medguide f\u00f6r att b\u00e4ttre st\u00f6dja gruppen.<\/p>\n<\/div>\n\n\n\n<hr class=\"wp-block-separator has-alpha-channel-opacity\"\/>\n\n\n\n<div class=\"wp-block-group has-border-color has-accent-5-border-color has-accent-5-background-color has-background has-global-padding is-layout-constrained wp-block-group-is-layout-constrained\" style=\"border-width:12px;box-shadow:var(--wp--preset--shadow--deep)\">\n<p><strong><strong><strong>Hur fungerar kommunikationen under k\u00f6rning?<\/strong><\/strong><\/strong><\/p>\n\n\n\n<p class=\"has-medium-font-size\">Vi motorister har v\u00e5ra signaler. De genomg\u00e5s tydligt f\u00f6re avf\u00e4rden.<\/p>\n\n\n\n<p class=\"has-medium-font-size\">Jag anv\u00e4nder hj\u00e4lmkommunikation f\u00f6r att:<\/p>\n\n\n\n<ul class=\"wp-block-list has-medium-font-size\">\n<li>h\u00e5lla kontakt med gruppen<\/li>\n\n\n\n<li>snabbt kunna reagera om n\u00e5gon beh\u00f6ver hj\u00e4lp<\/li>\n\n\n\n<li>samordna stopp eller \u00e4ndringar<\/li>\n<\/ul>\n\n\n\n<p class=\"has-medium-font-size\">Jag anv\u00e4nder hj\u00e4lmkommunikation inte f\u00f6r underh\u00e5llning.<br><em>Tystnad f\u00f6r mig sj\u00e4lv \u2013 kommunikation f\u00f6r andra.<\/em><\/p>\n<\/div>\n\n\n\n<hr class=\"wp-block-separator has-alpha-channel-opacity\"\/>\n\n\n\n<div class=\"wp-block-group has-border-color has-accent-5-border-color has-accent-5-background-color has-background has-global-padding is-layout-constrained wp-block-group-is-layout-constrained\" style=\"border-width:12px;box-shadow:var(--wp--preset--shadow--deep)\">\n<p class=\"has-large-font-size\"><strong><strong><strong>Hur vet vi om detta passar oss?<\/strong><\/strong><\/strong><\/p>\n\n\n\n<p class=\"is-style-text-subtitle has-medium-font-size is-style-text-subtitle--2\">Innan n\u00e5got best\u00e4ms diskuterar vi resan, f\u00f6rv\u00e4ntningar och k\u00f6rstil i lugn och ro.<\/p>\n\n\n\n<p class=\"has-medium-font-size\">Om det k\u00e4nns r\u00e4tt g\u00e5r vi vidare.<br>Om inte, \u00e4r det b\u00e4ttre att veta det i tid \u2013 utan press.<\/p>\n<\/div>\n<\/div>\n\n\n\n<div class=\"wp-block-buttons is-layout-flex wp-block-buttons-is-layout-flex\">\n<div class=\"wp-block-button has-custom-width wp-block-button__width-100\"><a class=\"wp-block-button__link has-accent-4-background-color has-background wp-element-button\" href=\"https:\/\/www.tapiokyllonen.fi\/index.php\/tapio-kyllonen-pa-svenska\/jag-och-hojen-samt-motorcykelresor\/\" style=\"border-top-left-radius:5px;border-top-right-radius:5px;border-bottom-left-radius:5px;border-bottom-right-radius:5px;box-shadow:var(--wp--preset--shadow--natural)\">Motorcykel &amp; resorna <\/a><\/div>\n<\/div>\n<\/div>\n\n\n\n<div class=\"wp-block-column is-layout-flow wp-block-column-is-layout-flow\" style=\"flex-basis:35%\">\n<div class=\"wp-block-group is-vertical is-content-justification-stretch is-nowrap is-layout-flex wp-container-core-group-is-layout-73b0033c wp-block-group-is-layout-flex\">\n<figure data-wp-context=\"{&quot;imageId&quot;:&quot;6a059449de53e&quot;}\" data-wp-interactive=\"core\/image\" data-wp-key=\"6a059449de53e\" class=\"wp-block-image size-full wp-lightbox-container\"><img loading=\"lazy\" decoding=\"async\" width=\"1024\" height=\"768\" data-wp-class--hide=\"state.isContentHidden\" data-wp-class--show=\"state.isContentVisible\" data-wp-init=\"callbacks.setButtonStyles\" data-wp-on--click=\"actions.showLightbox\" data-wp-on--load=\"callbacks.setButtonStyles\" data-wp-on-window--resize=\"callbacks.setButtonStyles\" src=\"https:\/\/www.tapiokyllonen.fi\/wp-content\/uploads\/2026\/01\/2E427CCF-E548-4EF7-8B1E-88169178CD74-1.jpeg\" alt=\"\" class=\"wp-image-71\" style=\"box-shadow:var(--wp--preset--shadow--natural);aspect-ratio:3\/4;object-fit:cover\" srcset=\"https:\/\/www.tapiokyllonen.fi\/wp-content\/uploads\/2026\/01\/2E427CCF-E548-4EF7-8B1E-88169178CD74-1.jpeg 1024w, https:\/\/www.tapiokyllonen.fi\/wp-content\/uploads\/2026\/01\/2E427CCF-E548-4EF7-8B1E-88169178CD74-1-300x225.jpeg 300w, https:\/\/www.tapiokyllonen.fi\/wp-content\/uploads\/2026\/01\/2E427CCF-E548-4EF7-8B1E-88169178CD74-1-768x576.jpeg 768w\" sizes=\"auto, (max-width: 1024px) 100vw, 1024px\" \/><button\n\t\t\tclass=\"lightbox-trigger\"\n\t\t\ttype=\"button\"\n\t\t\taria-haspopup=\"dialog\"\n\t\t\taria-label=\"Enlarge\"\n\t\t\tdata-wp-init=\"callbacks.initTriggerButton\"\n\t\t\tdata-wp-on--click=\"actions.showLightbox\"\n\t\t\tdata-wp-style--right=\"state.imageButtonRight\"\n\t\t\tdata-wp-style--top=\"state.imageButtonTop\"\n\t\t>\n\t\t\t<svg xmlns=\"http:\/\/www.w3.org\/2000\/svg\" width=\"12\" height=\"12\" fill=\"none\" viewBox=\"0 0 12 12\">\n\t\t\t\t<path fill=\"#fff\" d=\"M2 0a2 2 0 0 0-2 2v2h1.5V2a.5.5 0 0 1 .5-.5h2V0H2Zm2 10.5H2a.5.5 0 0 1-.5-.5V8H0v2a2 2 0 0 0 2 2h2v-1.5ZM8 12v-1.5h2a.5.5 0 0 0 .5-.5V8H12v2a2 2 0 0 1-2 2H8Zm2-12a2 2 0 0 1 2 2v2h-1.5V2a.5.5 0 0 0-.5-.5H8V0h2Z\" \/>\n\t\t\t<\/svg>\n\t\t<\/button><\/figure>\n<\/div>\n<\/div>\n<\/div>\n<\/div><\/div>\n","protected":false},"excerpt":{"rendered":"","protected":false},"author":1,"featured_media":0,"parent":385,"menu_order":333,"comment_status":"closed","ping_status":"closed","template":"","meta":{"footnotes":""},"class_list":["post-390","page","type-page","status-publish","hentry"],"_links":{"self":[{"href":"https:\/\/www.tapiokyllonen.fi\/index.php\/wp-json\/wp\/v2\/pages\/390","targetHints":{"allow":["GET"]}}],"collection":[{"href":"https:\/\/www.tapiokyllonen.fi\/index.php\/wp-json\/wp\/v2\/pages"}],"about":[{"href":"https:\/\/www.tapiokyllonen.fi\/index.php\/wp-json\/wp\/v2\/types\/page"}],"author":[{"embeddable":true,"href":"https:\/\/www.tapiokyllonen.fi\/index.php\/wp-json\/wp\/v2\/users\/1"}],"replies":[{"embeddable":true,"href":"https:\/\/www.tapiokyllonen.fi\/index.php\/wp-json\/wp\/v2\/comments?post=390"}],"version-history":[{"count":10,"href":"https:\/\/www.tapiokyllonen.fi\/index.php\/wp-json\/wp\/v2\/pages\/390\/revisions"}],"predecessor-version":[{"id":1275,"href":"https:\/\/www.tapiokyllonen.fi\/index.php\/wp-json\/wp\/v2\/pages\/390\/revisions\/1275"}],"up":[{"embeddable":true,"href":"https:\/\/www.tapiokyllonen.fi\/index.php\/wp-json\/wp\/v2\/pages\/385"}],"wp:attachment":[{"href":"https:\/\/www.tapiokyllonen.fi\/index.php\/wp-json\/wp\/v2\/media?parent=390"}],"curies":[{"name":"wp","href":"https:\/\/api.w.org\/{rel}","templated":true}]}}