{"id":1046,"date":"2026-03-10T11:20:37","date_gmt":"2026-03-10T09:20:37","guid":{"rendered":"https:\/\/www.tapiokyllonen.fi\/?page_id=1046"},"modified":"2026-04-11T11:08:32","modified_gmt":"2026-04-11T09:08:32","slug":"usko","status":"publish","type":"page","link":"https:\/\/www.tapiokyllonen.fi\/index.php\/kotisivu\/usko\/","title":{"rendered":"Usko"},"content":{"rendered":"\n<div class=\"wp-block-group has-border-color has-accent-5-border-color has-accent-5-background-color has-background has-global-padding is-layout-constrained wp-block-group-is-layout-constrained\" style=\"border-width:12px;box-shadow:var(--wp--preset--shadow--deep)\">\n<p class=\"has-text-align-center has-x-large-font-size\"><strong>El\u00e4m\u00e4ni perusta<\/strong><\/p>\n\n\n\n<div class=\"wp-block-columns is-layout-flex wp-container-core-columns-is-layout-28f84493 wp-block-columns-is-layout-flex\">\n<div class=\"wp-block-column is-layout-flow wp-block-column-is-layout-flow\" style=\"flex-basis:66.66%\">\n<p class=\"has-large-font-size\">Kristillinen usko on el\u00e4m\u00e4ni perusta.<br>Se ei ole erillinen osa-alue el\u00e4m\u00e4ss\u00e4ni, vaan n\u00e4k\u00f6kulma, josta k\u00e4sin kohtaan ihmiset, teen p\u00e4\u00e4t\u00f6ksi\u00e4 ja kannan vastuuta.<\/p>\n\n\n\n<p class=\"has-large-font-size\">Usko ei merkitse sit\u00e4, ett\u00e4 kaikkiin kysymyksiin olisi yksinkertaiset vastaukset.<br>Mutta se antaa suunnan my\u00f6s silloin, kun ratkaisut eiv\u00e4t ole helppoja.<\/p>\n\n\n\n<p class=\"has-large-font-size\">Arjessa usko n\u00e4kyy ennen kaikkea teoissa: pyrkimyksen\u00e4 toimia rehellisesti, avoimesti ja toisia kunnioittaen.<\/p>\n<\/div>\n\n\n\n<div class=\"wp-block-column is-layout-flow wp-block-column-is-layout-flow\" style=\"flex-basis:33.33%\">\n<figure class=\"wp-block-image size-large\"><img loading=\"lazy\" decoding=\"async\" width=\"576\" height=\"1024\" src=\"https:\/\/www.tapiokyllonen.fi\/wp-content\/uploads\/2026\/03\/IMG_1593-576x1024.jpeg\" alt=\"\" class=\"wp-image-1209\" srcset=\"https:\/\/www.tapiokyllonen.fi\/wp-content\/uploads\/2026\/03\/IMG_1593-576x1024.jpeg 576w, https:\/\/www.tapiokyllonen.fi\/wp-content\/uploads\/2026\/03\/IMG_1593-169x300.jpeg 169w, https:\/\/www.tapiokyllonen.fi\/wp-content\/uploads\/2026\/03\/IMG_1593-768x1365.jpeg 768w, https:\/\/www.tapiokyllonen.fi\/wp-content\/uploads\/2026\/03\/IMG_1593-864x1536.jpeg 864w, https:\/\/www.tapiokyllonen.fi\/wp-content\/uploads\/2026\/03\/IMG_1593-1152x2048.jpeg 1152w, https:\/\/www.tapiokyllonen.fi\/wp-content\/uploads\/2026\/03\/IMG_1593-scaled.jpeg 1440w\" sizes=\"auto, (max-width: 576px) 100vw, 576px\" \/><\/figure>\n<\/div>\n<\/div>\n<\/div>\n\n\n\n<hr class=\"wp-block-separator has-alpha-channel-opacity\"\/>\n\n\n\n<div class=\"wp-block-group has-border-color has-accent-5-border-color has-accent-5-background-color has-background has-global-padding is-layout-constrained wp-block-group-is-layout-constrained\" style=\"border-width:12px;box-shadow:var(--wp--preset--shadow--deep)\">\n<p class=\"is-style-text-subtitle has-large-font-size is-style-text-subtitle--1\" style=\"font-style:normal;font-weight:600\"><strong>Jumalan rakkaus \u2013 lahja ihmiselle<\/strong><\/p>\n\n\n\n<div class=\"wp-block-columns is-layout-flex wp-container-core-columns-is-layout-28f84493 wp-block-columns-is-layout-flex\">\n<div class=\"wp-block-column is-layout-flow wp-block-column-is-layout-flow\" style=\"flex-basis:66.66%\">\n<p class=\"has-medium-font-size\">Yksi Raamatun keskeisimmist\u00e4 jakeista on Johanneksen evankeliumin kohta 3:16:<\/p>\n\n\n\n<p class=\"has-base-background-color has-background has-medium-font-size\" style=\"font-style:italic;font-weight:500\">\u201cSill\u00e4 niin on Jumala maailmaa rakastanut, ett\u00e4 h\u00e4n antoi ainoan Poikansa, ettei yksik\u00e4\u00e4n, joka h\u00e4neen uskoo, hukkuisi, vaan saisi iankaikkisen el\u00e4m\u00e4n.\u201d<\/p>\n\n\n\n<p class=\"has-medium-font-size\">T\u00e4m\u00e4 jae tiivist\u00e4\u00e4 kristinuskon ytimen.<\/p>\n\n\n\n<p class=\"has-medium-font-size\">Kristinuskon ytimess\u00e4 on ajatus Jumalan rakkaudesta ihmist\u00e4 kohtaan \u2013 rakkaudesta, joka ei perustu ihmisen ansioihin vaan Jumalan omaan tahtoon rakastaa.<\/p>\n\n\n\n<p class=\"has-medium-font-size\">Jumalan rakkaus on lahja.<br>Kuten jokainen lahja, se voidaan ottaa vastaan \u2013 tai siit\u00e4 voi kielt\u00e4yty\u00e4.<\/p>\n\n\n\n<p class=\"has-medium-font-size\">Jumalan rakkauden vastaanottaminen on vapaaehtoista.<br>Sen vastaanottaminen ei vaadi meilt\u00e4 mit\u00e4\u00e4n.<br>Toisaalta siit\u00e4 voi my\u00f6s kielt\u00e4yty\u00e4, kuten muistakin lahjoista el\u00e4m\u00e4ss\u00e4.<\/p>\n<\/div>\n\n\n\n<div class=\"wp-block-column is-layout-flow wp-block-column-is-layout-flow\" style=\"flex-basis:33.33%\">\n<figure class=\"wp-block-image size-full\"><a href=\"https:\/\/www.tapiokyllonen.fi\/index.php\/kotisivu\/tietoa-minusta\/joh-316\/\"><img loading=\"lazy\" decoding=\"async\" width=\"616\" height=\"540\" src=\"https:\/\/www.tapiokyllonen.fi\/wp-content\/uploads\/2026\/03\/John3-16.jpg\" alt=\"\" class=\"wp-image-1050\" srcset=\"https:\/\/www.tapiokyllonen.fi\/wp-content\/uploads\/2026\/03\/John3-16.jpg 616w, https:\/\/www.tapiokyllonen.fi\/wp-content\/uploads\/2026\/03\/John3-16-300x263.jpg 300w\" sizes=\"auto, (max-width: 616px) 100vw, 616px\" \/><\/a><\/figure>\n\n\n\n<figure class=\"wp-block-image size-large\"><img loading=\"lazy\" decoding=\"async\" width=\"800\" height=\"1024\" src=\"https:\/\/www.tapiokyllonen.fi\/wp-content\/uploads\/2026\/03\/Tyhjahauta-800x1024.jpg\" alt=\"\" class=\"wp-image-1051\" srcset=\"https:\/\/www.tapiokyllonen.fi\/wp-content\/uploads\/2026\/03\/Tyhjahauta-800x1024.jpg 800w, https:\/\/www.tapiokyllonen.fi\/wp-content\/uploads\/2026\/03\/Tyhjahauta-234x300.jpg 234w, https:\/\/www.tapiokyllonen.fi\/wp-content\/uploads\/2026\/03\/Tyhjahauta-768x983.jpg 768w, https:\/\/www.tapiokyllonen.fi\/wp-content\/uploads\/2026\/03\/Tyhjahauta.jpg 1100w\" sizes=\"auto, (max-width: 800px) 100vw, 800px\" \/><\/figure>\n<\/div>\n<\/div>\n<\/div>\n\n\n\n<hr class=\"wp-block-separator has-alpha-channel-opacity\"\/>\n\n\n\n<div class=\"wp-block-group has-border-color has-accent-5-border-color has-accent-5-background-color has-background has-global-padding is-layout-constrained wp-block-group-is-layout-constrained\" style=\"border-width:12px;box-shadow:var(--wp--preset--shadow--deep)\">\n<p class=\"is-style-text-subtitle has-large-font-size is-style-text-subtitle--2\" style=\"font-style:normal;font-weight:600\"><strong>Usko on kutsu<\/strong><\/p>\n\n\n\n<div class=\"wp-block-columns is-layout-flex wp-container-core-columns-is-layout-28f84493 wp-block-columns-is-layout-flex\">\n<div class=\"wp-block-column is-layout-flow wp-block-column-is-layout-flow\" style=\"flex-basis:66.66%\">\n<p class=\"has-medium-font-size\">Uskossa ei ole kysymys toisten pakottamisesta tai painostamisesta.<\/p>\n\n\n\n<p class=\"has-medium-font-size\">Usko on kutsu.<\/p>\n\n\n\n<p class=\"has-medium-font-size\">Se on kutsu luottamukseen, anteeksiantoon ja uuteen alkuun.<\/p>\n\n\n\n<p class=\"has-medium-font-size\">Monelle ihmiselle usko merkitsee ennen kaikkea toivoa.<br>Minulle se on my\u00f6s ankkuri \u2013 jotain pysyv\u00e4\u00e4, johon voi nojata silloin kun el\u00e4m\u00e4 muuttuu tai ep\u00e4varmuus kasvaa.<\/p>\n<\/div>\n\n\n\n<div class=\"wp-block-column is-layout-flow wp-block-column-is-layout-flow\" style=\"flex-basis:33.33%\">\n<figure class=\"wp-block-image size-full\"><img loading=\"lazy\" decoding=\"async\" width=\"560\" height=\"540\" src=\"https:\/\/www.tapiokyllonen.fi\/wp-content\/uploads\/2026\/03\/Faith-Hope-Love.jpg\" alt=\"\" class=\"wp-image-1053\" srcset=\"https:\/\/www.tapiokyllonen.fi\/wp-content\/uploads\/2026\/03\/Faith-Hope-Love.jpg 560w, https:\/\/www.tapiokyllonen.fi\/wp-content\/uploads\/2026\/03\/Faith-Hope-Love-300x289.jpg 300w\" sizes=\"auto, (max-width: 560px) 100vw, 560px\" \/><\/figure>\n<\/div>\n<\/div>\n<\/div>\n\n\n\n<hr class=\"wp-block-separator has-alpha-channel-opacity\"\/>\n\n\n\n<div class=\"wp-block-group has-border-color has-accent-5-border-color has-accent-5-background-color has-background has-global-padding is-layout-constrained wp-block-group-is-layout-constrained\" style=\"border-width:12px;box-shadow:var(--wp--preset--shadow--deep)\">\n<p class=\"is-style-text-subtitle has-large-font-size is-style-text-subtitle--3\" style=\"font-style:normal;font-weight:600\"><strong>Arjen usko<\/strong><\/p>\n\n\n\n<div class=\"wp-block-columns is-layout-flex wp-container-core-columns-is-layout-28f84493 wp-block-columns-is-layout-flex\">\n<div class=\"wp-block-column is-layout-flow wp-block-column-is-layout-flow\" style=\"flex-basis:66.66%\">\n<p class=\"has-medium-font-size\">Usko ei rajoitu kirkkoon tai tiettyihin hetkiin.<br>Se n\u00e4kyy tavassa kohdata ihmiset ja kantaa vastuuta.<\/p>\n\n\n\n<p class=\"has-medium-font-size\">Pyrin siihen, ett\u00e4 usko n\u00e4kyy arjessa:<\/p>\n\n\n\n<ul class=\"wp-block-list\">\n<li class=\"has-medium-font-size\">kunnioituksena toisia kohtaan<\/li>\n\n\n\n<li class=\"has-medium-font-size\">rehellisyyten\u00e4 p\u00e4\u00e4t\u00f6ksiss\u00e4<\/li>\n\n\n\n<li class=\"has-medium-font-size\">anteeksiantona<\/li>\n\n\n\n<li class=\"has-medium-font-size\">ja haluna aloittaa uudelleen<\/li>\n<\/ul>\n\n\n\n<p class=\"has-medium-font-size\">Usko ei tee ihmisest\u00e4 t\u00e4ydellist\u00e4.<br>Mutta se antaa suunnan el\u00e4\u00e4. Usko ei ole minulle teoria tai ajatus.<br>Se on suhde, joka kantaa arjessa<\/p>\n<\/div>\n\n\n\n<div class=\"wp-block-column is-layout-flow wp-block-column-is-layout-flow\" style=\"flex-basis:33.33%\">\n<figure class=\"wp-block-image size-full\"><a href=\"https:\/\/www.gospelriders.fi\"><img loading=\"lazy\" decoding=\"async\" width=\"500\" height=\"483\" src=\"https:\/\/www.tapiokyllonen.fi\/wp-content\/uploads\/2026\/03\/GR-logo.png\" alt=\"\" class=\"wp-image-1054\" srcset=\"https:\/\/www.tapiokyllonen.fi\/wp-content\/uploads\/2026\/03\/GR-logo.png 500w, https:\/\/www.tapiokyllonen.fi\/wp-content\/uploads\/2026\/03\/GR-logo-300x290.png 300w\" sizes=\"auto, (max-width: 500px) 100vw, 500px\" \/><\/a><\/figure>\n<\/div>\n<\/div>\n<\/div>\n\n\n\n<hr class=\"wp-block-separator has-alpha-channel-opacity\"\/>\n\n\n\n<div class=\"wp-block-buttons is-layout-flex wp-block-buttons-is-layout-flex\">\n<div class=\"wp-block-button has-custom-width wp-block-button__width-100\"><a class=\"wp-block-button__link has-base-color has-accent-4-background-color has-text-color has-background has-link-color wp-element-button\" href=\"http:\/\/henrik.katolinen.fi\" style=\"border-top-left-radius:5px;border-top-right-radius:5px;border-bottom-left-radius:5px;border-bottom-right-radius:5px;box-shadow:var(--wp--preset--shadow--natural)\">Seurakuntani<\/a><\/div>\n<\/div>\n","protected":false},"excerpt":{"rendered":"<p>El\u00e4m\u00e4ni perusta Kristillinen usko on el\u00e4m\u00e4ni perusta.Se ei ole erillinen osa-alue el\u00e4m\u00e4ss\u00e4ni, vaan n\u00e4k\u00f6kulma, josta k\u00e4sin kohtaan ihmiset, teen p\u00e4\u00e4t\u00f6ksi\u00e4 ja kannan vastuuta. Usko ei merkitse sit\u00e4, ett\u00e4 kaikkiin kysymyksiin olisi yksinkertaiset vastaukset.Mutta se antaa suunnan my\u00f6s silloin, kun ratkaisut eiv\u00e4t ole helppoja. Arjessa usko n\u00e4kyy ennen kaikkea teoissa: pyrkimyksen\u00e4 toimia rehellisesti, avoimesti ja toisia [&hellip;]<\/p>\n","protected":false},"author":1,"featured_media":0,"parent":237,"menu_order":14,"comment_status":"closed","ping_status":"closed","template":"","meta":{"footnotes":""},"class_list":["post-1046","page","type-page","status-publish","hentry"],"_links":{"self":[{"href":"https:\/\/www.tapiokyllonen.fi\/index.php\/wp-json\/wp\/v2\/pages\/1046","targetHints":{"allow":["GET"]}}],"collection":[{"href":"https:\/\/www.tapiokyllonen.fi\/index.php\/wp-json\/wp\/v2\/pages"}],"about":[{"href":"https:\/\/www.tapiokyllonen.fi\/index.php\/wp-json\/wp\/v2\/types\/page"}],"author":[{"embeddable":true,"href":"https:\/\/www.tapiokyllonen.fi\/index.php\/wp-json\/wp\/v2\/users\/1"}],"replies":[{"embeddable":true,"href":"https:\/\/www.tapiokyllonen.fi\/index.php\/wp-json\/wp\/v2\/comments?post=1046"}],"version-history":[{"count":10,"href":"https:\/\/www.tapiokyllonen.fi\/index.php\/wp-json\/wp\/v2\/pages\/1046\/revisions"}],"predecessor-version":[{"id":1471,"href":"https:\/\/www.tapiokyllonen.fi\/index.php\/wp-json\/wp\/v2\/pages\/1046\/revisions\/1471"}],"up":[{"embeddable":true,"href":"https:\/\/www.tapiokyllonen.fi\/index.php\/wp-json\/wp\/v2\/pages\/237"}],"wp:attachment":[{"href":"https:\/\/www.tapiokyllonen.fi\/index.php\/wp-json\/wp\/v2\/media?parent=1046"}],"curies":[{"name":"wp","href":"https:\/\/api.w.org\/{rel}","templated":true}]}}